ivided by 45.
4
Calculate the remainder when 364 is divided by 16.
12
Calculate the remainder when 2916 is divided by 65.
56
Calculate the remainder when 208 is divided by 42.
40
What is the remainder when 372 is divided by 80?
52
Calculate the remainder when 58 is divided by 11.
3
What is the remainder when 19484 is divided by 16?
12
What is the remainder when 530 is divided by 41?
38
Calculate the remainder when 1222 is divided by 174.
4
Calculate the remainder when 193 is divided by 56.
25
Calculate the remainder when 1230 is divided by 55.
20
What is the remainder when 2896 is divided by 18?
16
What is the remainder when 231 is divided by 70?
21
What is the remainder when 82 is divided by 19?
6
Calculate the remainder when 111 is divided by 19.
16
Calculate the remainder when 221 is divided by 16.
13
What is the remainder when 5791 is divided by 2883?
25
Calculate the remainder when 1598 is divided by 1526.
72
What is the remainder when 412 is divided by 60?
52
What is the remainder when 541 is divided by 34?
31
What is the remainder when 284 is divided by 9?
5
Calculate the remainder when 1073 is divided by 40.
33
Calculate the remainder when 6253 is divided by 20.
13
What is the remainder when 947 is divided by 312?
11
What is the remainder when 800 is divided by 80?
0
What is the remainder when 80 is divided by 64?
16
What is the remainder when 124 is divided by 21?
19
Calculate the remainder when 1192 is divided by 1181.
11
What is the remainder when 282 is divided by 41?
36
What is the remainder when 10870 is divided by 253?
244
What is the remainder when 73 is divided by 63?
10
Calculate the remainder when 681 is divided by 47.
23
Calculate the remainder when 3148 is divided by 63.
61
Calculate the remainder when 16 is divided by 11.
5
Calculate the remainder when 326 is divided by 150.
26
What is the remainder when 606 is divided by 162?
120
What is the remainder when 32 is divided by 11?
10
Calculate the remainder when 1258 is divided by 28.
26
Calculate the remainder when 1923 is divided by 35.
33
Calculate the remainder when 747 is divided by 108.
99
What is the remainder when 495 is divided by 16?
15
What is the remainder when 49 is divided by 11?
5
Calculate the remainder when 782 is divided by 34.
0
What is the remainder when 251 is divided by 36?
35
What is the remainder when 708 is divided by 10?
8
Calculate the remainder when 1824 is divided by 607.
3
What is the remainder when 553 is divided by 31?
26
Calculate the remainder when 725 is divided by 239.
8
Calculate the remainder when 1455 is divided by 29.
5
What is the remainder when 69 is divided by 3?
0
What is the remainder when 338 is divided by 75?
38
Calculate the remainder when 1137 is divided by 67.
65
Calculate the remainder when 3275 is divided by 156.
155
What is the remainder when 604 is divided by 83?
23
Calculate the remainder when 3249 is divided by 142.
125
Calculate the remainder when 151 is divided by 8.
7
Calculate the remainder when 63 is divided by 39.
24
Calculate the remainder when 884 is divided by 15.
14
Calculate the remainder when 480 is divided by 44.
40
What is the remainder when 452 is divided by 159?
134
Calculate the remainder when 1492 is divided by 13.
10
Calculate the remainder when 1402 is divided by 201.
196
Calculate the remainder when 2360 is divided by 589.
4
Calculate the remainder when 6212 is divided by 50.
12
Calculate the remainder when 130 is divided by 68.
62
Calculate the remainder when 234 is divided by 34.
30
What is the remainder when 59 is divided by 18?
5
Calculate the remainder when 327 is divided by 110.
107
Calculate the remainder when 117 is divided by 70.
47
What is the remainder when 1179 is divided by 414?
351
Calculate the remainder when 94 is divided by 35.
24
Calculate the remainder when 73 is divided by 72.
1
What is the remainder when 746 is divided by 42?
32
What is the remainder when 356 is divided by 107?
35
Calculate the remainder when 109 is divided by 37.
35
What is the remainder when 1171 is divided by 51?
49
What is the remainder when 1043 is divided by 52?
3
Calculate the remainder when 2078 is divided by 24.
14
Calculate the remainder when 565 is divided by 8.
5
Calculate the remainder when 175 is divided by 163.
12
Calculate the remainder when 177 is divided by 94.
83
What is the remainder when 136 is divided by 16?
8
What is the remainder when 1230 is divided by 446?
338
What is the remainder when 251 is divided by 16?
11
What is the remainder when 324 is divided by 159?
6
Calculate the remainder when 721 is divided by 706.
15
Calculate the remainder when 76 is divided by 24.
4
Calculate the remainder when 5809 is divided by 70.
69
Calculate the remainder when 1106 is divided by 155.
21
What is the remainder when 354 is divided by 15?
9
Calculate the remainder when 677 is divided by 59.
28
What is the remainder when 1407 is divided by 17?
13
Calculate the remainder when 1131 is divided by 103.
101
What is the remainder when 109 is divided by 69?
40
Calculate the remainder when 140 is divided by 36.
32
Calculate the remainder when 175 is divided by 88.
87
Calculate the remainder when 319 is divided by 9.
4
What is the remainder when 782 is divided by 98?
96
Calculate the remainder when 21849 is divided by 190.
189
What is the remainder when 116 is divided by 20?
16
Calculate the remainder when 11 is divided by 11.
0
What is the remainder when 181 is divided by 11?
5
What is the remainder when 604 is divided by 8?
4
What is the remainder when 24 is divided by 5?
4
Calculate the remainder when 6166 is divided by 32.
22
What is the remainder when 193 is divided by 18?
13
Calculate the remainder when 1386 is divided by 19.
18
What is the remainder when 3842 is divided by 124?
122
Calculate the remainder when 1011 is divided by 251.
7
Calculate the remainder when 151 is divided by 46.
13
Calculate the remainder when 3024 is divided by 202.
196
Calculate the remainder when 3211 is divided by 636.
31
Calculate the remainder when 388 is divided by 100.
88
Calculate the remainder when 206 is divided by 106.
100
What is the remainder when 103 is divided by 26?
25
Calculate the remainder when 90 is divided by 26.
12
Calculate the remainder when 72 is divided by 20.
12
Calculate the remainder when 864 is divided by 122.
10
Calculate the remainder when 6191 is divided by 59.
55
Calculate the remainder when 1867 is divided by 98.
5
What is the remainder when 11135 is divided by 6?
5
Calculate the remainder when 2210 is divided by 79.
77
What is the remainder when 1287 is divided by 28?
27
Calculate the remainder when 1160 is divided by 54.
26
What is the remainder when 53 is divided by 3?
2
Calculate the remainder when 376 is divided by 33.
13
Calculate the remainder when 257 is divided by 20.
17
Calculate the remainder when 183 is divided by 60.
3
Calculate the remainder when 391 is divided by 56.
55
What is the remainder when 72 is divided by 26?
20
Calculate the remainder when 182 is divided by 36.
2
What is the remainder when 19491 is divided by 44?
43
What is the remainder when 428 is divided by 37?
21
What is the remainder when 3649 is divided by 52?
9
Calculate the remainder when 1246 is divided by 43.
42
Calculate the remainder when 603 is divided by 74.
11
What is the remainder when 566 is divided by 64?
54
Calculate the remainder when 2571 is divided by 23.
18
What is the remainder when 1162 is divided by 5?
2
What is the remainder when 10087 is divided by 48?
7
Calculate the remainder when 308 is divided by 12.
8
What is the remainder when 3898 is divided by 3?
1
Calculate the remainder when 102 is divided by 84.
18
Calculate the remainder when 376 is divided by 66.
46
Calculate the remainder when 1101 is divided by 46.
43
What is the remainder when 5117 is divided by 42?
35
What is the remainder when 133 is divided by 9?
7
Calculate the remainder when 504 is divided by 130.
114
What is the remainder when 167 is divided by 28?
27
What is the remainder when 13192 is divided by 35?
32
Calculate the remainder when 308 is divided by 39.
35
What is the remainder when 108 is divided by 55?
53
What is the remainder when 28 is divided by 5?
3
What is the remainder when 464 is divided by 118?
110
Calculat